0001010 - -101001?
1000110110011
In base 13, what is 2a0391 + -5?
2a0389
In base 6, what is -4302 - -132?
-4130
In base 5, what is 4224 + 1212?
10441
In base 8, what is 25376 + 3?
25401
In base 10, what is 87084 - -3?
87087
In base 3, what is -100110 - 120?
-101000
In base 2, what is 1111 - -1110001110?
1110011101
In base 10, what is -234 + -7060?
-7294
In base 12, what is 6aa - -7?
6b5
In base 14, what is 23 - -1bc0?
1c03
In base 4, what is -20332 - 31132?
-112130
In base 13, what is 5 + 20b7a?
20b82
In base 9, what is -755 - 82?
-847
In base 6, what is -42004521 - 1?
-42004522
In base 16, what is -2d8c + 0?
-2d8c
In base 8, what is 16136 - 531?
15405
In base 13, what is -1 + 36677?
36676
In base 3, what is -2112 - 111112120?
-111122002
In base 14, what is -61c5 + 9?
-61ba
In base 13, what is 2 - abb9?
-abb7
In base 6, what is -10 + -55402?
-55412
In base 7, what is -22112 - 312?
-22424
In base 14, what is -65 - a8d?
-b14
In base 3, what is -2011000 - 20111?
-2101111
In base 13, what is -947 - -17?
-930
In base 4, what is -203333 + -32?
-210031
In base 5, what is -1013 + -41323?
-42341
In base 14, what is 1ac - -2a?
1d8
In base 16, what is -4 + -50ec?
-50f0
In base 10, what is 5676 - -5?
5681
In base 14, what is 1 - -3bd4?
3bd5
In base 3, what is -11011021012 + -11?
-11011021100
In base 3, what is 1 - 1010111222001?
-1010111222000
In base 3, what is 20120201 + -2?
20120122
In base 2, what is 1001 + -101111111010110?
-101111111001101
In base 15, what is 16 + 74e?
765
In base 16, what is -4b - -c16?
bcb
In base 2, what is -100100000111111110111 - 10?
-100100000111111111001
In base 4, what is 0 + -1020320232?
-1020320232
In base 2, what is 1000 - 10001000100010110000?
-10001000100010101000
In base 11, what is -89a45 + -4?
-89a49
In base 15, what is 32c - 412?
-d5
In base 15, what is 107d - -4?
1082
In base 2, what is 110 + -1110000100111011110?
-1110000100111011000
In base 16, what is 106b3 + -1?
106b2
In base 12, what is 212 - -3364?
3576
In base 12, what is 196a + 7?
1975
In base 9, what is 788 - 5563?
-4664
In base 9, what is 3 - 30567?
-30564
In base 11, what is 177 - 2379?
-2202
In base 10, what is -5334 + 76?
-5258
In base 10, what is -4 - 2585?
-2589
In base 4, what is 2012002 + 32?
2012100
In base 10, what is -1 + 25615?
25614
In base 14, what is -701 + -12?
-713
In base 15, what is -57 - -1544?
14dc
In base 16, what is b805 - 3?
b802
In base 12, what is -130 + -404?
-534
In base 8, what is -27 + 146?
117
In base 16, what is -2fc248 - -2?
-2fc246
In base 5, what is -21 + 1443030?
1443004
In base 5, what is 41 + 10130310?
10130401
In base 11, what is 6 + -80581?
-80576
In base 13, what is 0 - 17702?
-17702
In base 6, what is -12013 - -2?
-12011
In base 9, what is 17463 + -15?
17447
In base 6, what is -3 + -445221?
-445224
In base 5, what is 24112032 + 10?
24112042
In base 6, what is 2 - 411534?
-411532
In base 4, what is -10313002221 - 10?
-10313002231
In base 3, what is -1012202211 - -12?
-1012202122
In base 12, what is -276 - 123b?
-14b5
In base 7, what is 23103 + 340?
23443
In base 4, what is 110333 - -1201?
112200
In base 2, what is -11010 + 1011010010?
1010111000
In base 9, what is -4226 - -272?
-3844
In base 6, what is -12252014 - -5?
-12252005
In base 13, what is -2 - -2c0a3?
2c0a1
In base 11, what is 266131 - -5?
266136
In base 8, what is -2 + 1335773?
1335771
In base 16, what is 4 - -41d?
421
In base 7, what is -2 + -1302501?
-1302503
In base 5, what is -233222 + 10?
-233212
In base 5, what is 10 + -2212312?
-2212302
In base 10, what is 25 + -5087?
-5062
In base 5, what is -1 - 33343023?
-33343024
In base 8, what is 27162 - 5?
27155
In base 10, what is -1181 + 64?
-1117
In base 2, what is 1001100111010 - -11?
1001100111101
In base 14, what is -33db + 3?
-33d8
In base 11, what is 3 + -7214?
-7211
In base 4, what is 12200012 + 11?
12200023
In base 16, what is -bbc7 - 9?
-bbd0
In base 12, what is -492 + 197?
-2b7
In base 5, what is 12 - -143421?
143433
In base 14, what is 0 - -1c5b?
1c5b
In base 10, what is -2 + 10574?
10572
In base 12, what is -1a0 + 132?
-6a
In base 5, what is 33 - -3020024?
3020112
In base 7, what is -4 - 2056?
-2063
In base 9, what is -1808 - -2305?
386
In base 15, what is -100c - 49?
-1056
In base 11, what is 2 + 52923?
52925
In base 5, what is 1 - -1410112?
1410113
In base 2, what is 101011 - 10001010001110110?
-10001010001001011
In base 5, what is 1311343 - 1043?
1310300
In base 5, what is 31 + 231440?
232021
In base 7, what is 33343 - 1021?
32322
In base 5, what is -34142 + -1214?
-40411
In base 8, what is 0 - -5355?
5355
In base 10, what is 332 - 77?
255
In base 15, what is 1 + 6ba9?
6baa
In base 4, what is -12 + -1203123013?
-1203123031
In base 7, what is -451232 + 2?
-451230
In base 10, what is -1959557 - 4?
-1959561
In base 9, what is 173 - 321?
-137
In base 13, what is -47c - -19?
-463
In base 15, what is -7b - -3e65?
3dd9
In base 13, what is -4 - 123903?
-123907
In base 10, what is 396270 - -5?
396275
In base 12, what is -4 - 8593?
-8597
In base 5, what is 432033011 - 3?
432033003
In base 3, what is -212021120 + 212?
-212020201
In base 7, what is 114532414 - 0?
114532414
In base 8, what is 40033 - -3?
40036
In base 5, what is -3031123 + 10?
-3031113
In base 10, what is 578 - -1367?
1945
In base 9, what is 667 + 547?
1325
In base 13, what is -28 - 276?
-2a1
In base 11, what is 15206 - 40?
15176
In base 10, what is 2132 + 377?
2509
In base 12, what is 3 + b314b?
b3152
In base 14, what is 6 + 16da8?
16db0
In base 10, what is 3 - -230691?
230694
In base 12, what is -1 + b1a?
b19
In base 9, what is -5 + 13887?
13882
In base 10, what is 22029 + 0?
22029
In base 5, what is -1331 - -43020?
41134
In base 6, what is 40500 + 5?
40505
In base 11, what is 28a364 - -4?
28a368
In base 4, what is 131212 - 32?
131120
In base 13, what is -23 - 11a1?
-11c4
In base 11, what is 1 - 1054?
-1053
In base 4, what is 3 + -3320023?
-3320020
In base 8, what is 1400 + 1116?
2516
In base 9, what is -554 - -518?
-35
In base 15, what is -5 - 153dd?
-153e3
In base 9, what is 856206 - -5?
856212
In base 9, what is -430 + -3567?
-4107
In base 7, what is -4 - 64141?
-64145
In base 14, what is -20d4 + 11?
-20c3
In base 16, what is -36dd + 11?
-36cc
In base 16, what is -b0 - 12?
-c2
In base 6, what is 2 - 154401?
-154355
In base 4, what is -231112 + 10?
-231102
In base 13, what is 2 - -3aac?
3ab1
In base 14, what is 3 + 3a64?
3a67
In base 3, what is -12 - 21220020220?
-21220021002
In base 11, what is 1 + 6a8a?
6a90
In base 12, what is -3 + 950?
949
In base 5, what is -243310 - 2330?
-301140
In base 13, what is 0 - 1bbbbc?
-1bbbbc
In base 5, what is 2102 + 213?
2320
In base 13, what is 639a - 5?
6395
In base 8, what is 10207464 + -5?
10207457
In base 14, what is -2a6 - 31?
-2d7
In base 10, what is 32291 + 0?
32291
In base 13, what is 45 + 273ac?
27424
In base 9, what is -28 - 6786?
-6825
In base 7, what is 14104 + -11?
14063
In base 2, what is -1111100 + -10100110?
-100100010
In base 13, what is -5 + 99a8?
99a3
In base 5, what is 3 - 2434313?
-2434310
In base 16, what is 2 + 165cc?
165ce
In base 2, what is -1100111000000111010000 - -100?
-1100111000000111001100
In base 6, what is -305 + 2122?
1413
In base 10, what is 37567 + -5?
37562
In base 16, what is -2c3e + 8?
-2c36
In base 4, what is 2 + -230323032?
-230323030
In base 2, what is 11010011110 + -10010001?
11000001101
In base 10, what is -9117 - -3?
-9114
In base 6, what is -2054031 + -3?
-2054034
In base 7, what is 13350 - -6201?
22551
In base 12, what is -4b - -b4ba?
b46b
In base 4, what is 10323 + 10032?
21021
In base 14, what is -126108 + -2?
-12610a
In base 9, what is 136802 + 3?
136805
In base 10, what is -102 - -4569?
4467
In base 10, what is 100616 - 6?
100610
In base 10, what is -17815 + -36?
-17851
In base 16, what is -5 + 435?
430
In base 11, what is -1 - 16686?
-16687
In base 3, what is 1001 - 111201?
-110200
In base 7, what is -230 + -21500?
-22030
In base 14, what is -5 + -38d1?
-38d6
In base 7, what is -12 + 15521?
15506
In base 7, what is 2 - -4356500?
4356502
In base 9, what is -6 - 184283?
-184300
In base 12, what is 15 + -1052?
-1039
In base 15, what is -1799 - -5?
-1794
In base 9, what is 11 + -18002?
-17881
In base 13, what is -7189 - -4?
-7185
In base 9, what i